103
-e (base 15) to base 5
-24
What is 3 (base 12) in base 9?
3
-3 (base 5) to base 8
-3
-1 (base 2) to base 6
-1
1 (base 8) to base 15
1
What is -23 (base 12) in base 7?
-36
What is -28 (base 13) in base 11?
-31
2 (base 10) to base 15
2
What is 164 (base 7) in base 13?
74
What is 0 (base 6) in base 7?
0
What is -37 (base 9) in base 13?
-28
What is -9 (base 15) in base 6?
-13
Convert 5 (base 15) to base 7.
5
Convert -30 (base 11) to base 13.
-27
Convert 155 (base 8) to base 3.
11001
Convert -2 (base 13) to base 9.
-2
What is -40 (base 13) in base 6?
-124
a (base 16) to base 8
12
-103 (base 4) to base 7
-25
18 (base 14) to base 10
22
64 (base 7) to base 11
42
-5 (base 14) to base 11
-5
35 (base 7) to base 3
222
Convert -526 (base 7) to base 15.
-12a
What is 142 (base 7) in base 4?
1033
-13 (base 9) to base 4
-30
What is 180 (base 9) in base 14?
ad
Convert 0 (base 6) to base 11.
0
Convert -4 (base 8) to base 6.
-4
1011 (base 3) to base 16
1f
2 (base 6) to base 9
2
Convert 201 (base 6) to base 5.
243
Convert -9 (base 11) to base 6.
-13
-65 (base 9) to base 11
-54
-3 (base 10) to base 2
-11
Convert -19 (base 14) to base 12.
-1b
Convert -3 (base 13) to base 7.
-3
What is -1a5 (base 12) in base 7?
-533
What is -14 (base 8) in base 16?
-c
Convert -3 (base 16) to base 14.
-3
Convert 111 (base 3) to base 10.
13
1020 (base 3) to base 15
23
-34 (base 9) to base 8
-37
67 (base 15) to base 2
1100001
What is -23 (base 7) in base 6?
-25
Convert 10001 (base 2) to base 12.
15
What is -33 (base 5) in base 14?
-14
What is 153 (base 7) in base 11?
7a
What is 61 (base 14) in base 7?
151
Convert 113 (base 7) to base 6.
135
What is -2114 (base 5) in base 10?
-284
What is -123 (base 4) in base 5?
-102
Convert -120 (base 3) to base 12.
-13
Convert 7 (base 13) to base 4.
13
What is 121 (base 5) in base 13?
2a
-1011110 (base 2) to base 7
-163
-66 (base 15) to base 7
-165
What is -71 (base 16) in base 14?
-81
What is 432 (base 6) in base 13?
c8
What is -4 (base 7) in base 4?
-10
What is -1c (base 13) in base 4?
-121
1 (base 7) to base 2
1
Convert -3 (base 5) to base 4.
-3
What is -252 (base 6) in base 2?
-1101000
1 (base 6) to base 11
1
-100 (base 7) to base 12
-41
Convert -2 (base 9) to base 14.
-2
Convert -11 (base 3) to base 10.
-4
-110 (base 9) to base 14
-66
Convert 3 (base 6) to base 4.
3
Convert 20 (base 4) to base 5.
13
Convert 20 (base 8) to base 7.
22
What is 87 (base 16) in base 3?
12000
8 (base 16) to base 11
8
Convert -4 (base 13) to base 5.
-4
0 (base 2) to base 3
0
What is -264 (base 7) in base 8?
-220
Convert 111111 (base 2) to base 16.
3f
What is 32 (base 6) in base 15?
15
Convert -11 (base 2) to base 3.
-10
65 (base 7) to base 12
3b
a (base 12) to base 8
12
What is 46 (base 10) in base 11?
42
Convert 11 (base 2) to base 5.
3
0 (base 3) to base 16
0
Convert b (base 15) to base 8.
13
Convert -347 (base 9) to base 7.
-556
Convert 1301 (base 4) to base 6.
305
Convert 3 (base 13) to base 16.
3
3 (base 11) to base 15
3
Convert 53 (base 8) to base 9.
47
Convert -2b (base 12) to base 11.
-32
Convert 36 (base 14) to base 7.
66
-1001 (base 3) to base 11
-26
-100 (base 4) to base 10
-16
8 (base 14) to base 5
13
-67 (base 8) to base 4
-313
-103 (base 5) to base 7
-40
Convert 0 (base 5) to base 10.
0
Convert ae (base 15) to base 16.
a4
What is 202 (base 5) in base 6?
124
What is -21 (base 7) in base 4?
-33
2b (base 13) to base 8
45
-67 (base 8) to base 9
-61
What is -a5 (base 11) in base 3?
-11021
What is 23 (base 6) in base 10?
15
72 (base 8) to base 5
213
-232 (base 4) to base 13
-37
What is -154 (base 14) in base 7?
-534
What is -21 (base 4) in base 16?
-9
-5 (base 16) to base 9
-5
What is 16 (base 13) in base 4?
103
Convert 165 (base 10) to base 7.
324
What is -2a (base 15) in base 14?
-2c
4 (base 7) to base 8
4
Convert 0 (base 6) to base 8.
0
4 (base 13) to base 4
10
Convert 172 (base 9) to base 16.
92
Convert 3 (base 10) to base 6.
3
Convert -34 (base 16) to base 7.
-103
-70 (base 15) to base 4
-1221
What is -2 (base 3) in base 16?
-2
-15 (base 14) to base 10
-19
-10110 (base 2) to base 10
-22
What is 78 (base 13) in base 5?
344
Convert 12 (base 13) to base 2.
1111
What is -114 (base 6) in base 3?
-1201
Convert -15 (base 11) to base 5.
-31
-12 (base 5) to base 10
-7
Convert -63 (base 13) to base 4.
-1101
What is -6 (base 9) in base 5?
-11
0 (base 16) to base 13
0
4a (base 15) to base 12
5a
Convert 4a (base 11) to base 5.
204
What is a (base 14) in base 5?
20
Convert 160 (base 8) to base 5.
422
What is 17 (base 8) in base 5?
30
Convert 34 (base 7) to base 12.
21
21 (base 6) to base 12
11
Convert 367 (base 9) to base 8.
460
-2 (base 5) to base 3
-2
Convert -37 (base 12) to base 15.
-2d
-1210 (base 4) to base 5
-400
-b (base 13) to base 16
-b
-19 (base 14) to base 6
-35
What is 15 (base 7) in base 16?
c
-10 (base 4) to base 13
-4
Convert -4 (base 11) to base 16.
-4
Convert -3b (base 16) to base 14.
-43
Convert -20 (base 10) to base 14.
-16
What is 45 (base 9) in base 12?
35
Convert 31 (base 13) to base 15.
2a
-8a (base 16) to base 3
-12010
Convert -18 (base 16) to base 6.
-40
0 (base 11) to base 13
0
What is 222 (base 6) in base 4?
1112
Convert -340 (base 5) to base 14.
-6b
-53 (base 6) to base 12
-29
2 (base 3) to base 16
2
-cb (base 13) to base 8
-247
Convert -3 (base 10) to base 12.
-3
What is -20 (base 15) in base 9?
-33
Convert -8a (base 14) to base 8.
-172
What is -1 (base 9) in base 12?
-1
Convert 319 (base 10) to base 5.
2234
What is -4 (base 9) in base 3?
-11
What is -3 (base 4) in base 12?
-3
What is 55 (base 6) in base 12?
2b
What is -32 (base 4) in base 6?
-22
What is -1001 (base 2) in base 16?
-9
-51 (base 12) to base 13
-49
Convert -20 (base 12) to base 16.
-18
-3a (base 12) to base 11
-42
Convert -1b (base 15) to base 5.
-101
Convert -67 (base 15) to base 7.
-166
Convert 101 (base 9) to base 8.
122
What is 13 (base 15) in base 10?
18
20 (base 5) to base 15
a
-13 (base 4) to base 6
-11
Convert -341 (base 7) to base 5.
-1201
-441 (base 5) to base 8
-171
What is -1 (base 11) in base 9?
-1
-39 (base 11) to base 16
-2a
-331 (base 8) to base 7
-430
What is 160 (base 9) in base 16?
87
-51 (base 6) to base 10
-31
Convert 10000 (base 2) to base 6.
24
What is 4 (base 5) in base 3?
11
2 (base 10) to base 13
2
6 (base 7) to base 12
6
What is 10 (base 2) in base 13?
2
10 (base 8) to base 13
8
c (base 13) to base 10
12
133 (base 5) to base 11
3a
Convert 102 (base 3) to base 14.
b
Convert 101 (base 6) to base 2.
100101
-21 (base 14) to base 10
-29
4 (base 16) to base 4
10
Convert -2 (base 11) to base 7.
-2
1112 (base 5) to base 14
b3
What is d (base 14) in base 5?
23
4 (base 7) to base 16
4
103 (base 4) to base 3
201
-1 (base 9) to base 3
-1
Convert -7e (base 15) to base 5.
-434
What is -45 (base 7) in base 10?
-33
-4 (base 14) to base 10
-4
4 (base 10) to base 12
4
What is -4 (base 15) in base 9?
-4
261 (base 7) to base 16
8d
Convert -11 (base 7) to base 2.
-1000
Convert -2310 (base 4) to base 14.
-cc
What is 111 (base 5) in base 10?
31
Convert -112 (base 3) to base 4.
-32
Convert 2 (base 6) to base 16.
2
What is -1 (base 10) in base 9?
-1
Convert -2 (base 10) to base 2.
-10
What is -3 (base 15) in base 4?
-3
Convert -3302 (base 4) to base 14.
-134
Convert 121 (base 4) to base 8.
31
Convert 132 (base 4) to base 13.
24
Convert -9c (base 16) to base 3.
-12210
What is 25 (base 14) in base 13?
27
-6 (base 9) to base 12
-6
What is -3 (base 7) in base 4?
-3
1 (base 6) to base 16
1
What is -1 (base 7) in base 13?
-1
Convert -6 (base 11) to base 10.
-6
-55 (base 8) to base 3
-1200
Convert 3 (base 10) to base 16.
3
What is -100011 (base 2) in base 6?
-55
What is -17 (base 14) in base 2?
-10101
Convert -4 (base 9) to base 7.
-4
Convert 12 (base 3) to base 10.
5
What is 10 (base 14) in base 6?
22
What is 10 (base 6) in base 5?
11
Convert -1b (base 13) to base 14.
-1a
What is 100 (base 6) in base 4?
210
What is 11 (base 4) in base 14?
5
-13 (base 8) to base 9
-12
What is 0 (base 9) in base 15?
0
2 (base 12) to base 6
2
Convert -19 (base 13) to base 7.
-31
-2b4 (base 12) to base 7
-1144
Convert 1 (base 11) to base 6.
1
254 (base 8) to base 11
147
-13 (base 9) to base 13
-c
What is 5 (base 11) in base 13?
5
3 (base 7) to base 11
3
Convert 16 (base 10) to base 11.
15
31 (